what is -1 + -870?
-871
In base 9, what is 1766 + -247?
1518
In base 8, what is 57470 + -4?
57464
In base 4, what is -22312 + -132?
-23110
In base 11, what is -362a14 + 3?
-362a11
In base 11, what is 28014 - 3?
28011
In base 16, what is -7 + -5132?
-5139
In base 7, what is 2414 + -32?
2352
In base 15, what is 50 - -336?
386
In base 7, what is -16 - -5303?
5254
In base 3, what is 1221 + 1001222?
1010220
In base 8, what is 2635 + 1205?
4042
In base 4, what is -33303011 + 10?
-33303001
In base 13, what is b - 33222?
-33214
In base 2, what is 11011100 - -100100?
100000000
In base 9, what is 4408 - 32?
4366
In base 10, what is 3502 + 282?
3784
In base 2, what is 101101 - -111011111101?
111100101010
In base 13, what is -5 + -1002c?
-10034
In base 5, what is -10 - 11131?
-11141
In base 4, what is 3022 + -220003?
-210321
In base 9, what is 1 - -100306?
100307
In base 5, what is -304 + 222201?
221342
In base 11, what is -2a1a330 - 4?
-2a1a334
In base 9, what is 10 + 16180?
16200
In base 9, what is -81521 + -3?
-81524
In base 12, what is 3 - 412872?
-41286b
In base 7, what is -2424625 + -15?
-2424643
In base 14, what is -1d06 - -4?
-1d02
In base 11, what is 1909 - 153?
1766
In base 3, what is 200020 - 202211?
-2121
In base 15, what is 52623 + 3?
52626
In base 15, what is -5 + 26da?
26d5
In base 9, what is 3 - -1534236?
1534240
In base 4, what is -30313 + 22220?
-2033
In base 13, what is -6432 + -131?
-6563
In base 14, what is -67 - -142?
b9
In base 11, what is 2493 + 6?
2499
In base 2, what is 1 + -11101011000011?
-11101011000010
In base 7, what is -440000 - 5?
-440005
In base 11, what is -151 - -1025?
984
In base 10, what is -2 - 13253?
-13255
In base 11, what is 48 + 792?
82a
In base 12, what is -a - -1a8?
19a
In base 7, what is 314 + -1563?
-1246
In base 7, what is -122000 + -150?
-122150
In base 5, what is -1334 + 411?
-423
In base 13, what is -3 - -12a90?
12a8a
In base 12, what is 5 - 1b1149?
-1b1144
In base 10, what is -1902 + -96?
-1998
In base 10, what is 7589 + -1?
7588
In base 14, what is -773 + -135?
-8a8
In base 15, what is e01 - 14?
ddc
In base 6, what is 3343 + 430?
4213
In base 5, what is -124342414 - 3?
-124342422
In base 15, what is -ee4d3 - 4?
-ee4d7
In base 12, what is -b21 + -5?
-b26
In base 3, what is -10211 - 2112221?
-2200202
In base 12, what is -1982 + -90?
-1a52
In base 13, what is 98c + 28?
9b7
In base 13, what is 9ccb2 - -10?
9ccc2
In base 2, what is -111111 + 1010101111?
1001110000
In base 12, what is 1 - -4803?
4804
In base 12, what is 3329a30 - 0?
3329a30
In base 10, what is -129 - -3487?
3358
In base 8, what is -122235 - 2?
-122237
In base 8, what is 212572 - -16?
212610
In base 9, what is 1534 + 73?
1617
In base 13, what is -1 + 623ab?
623aa
In base 5, what is 30422 - -401?
31323
In base 9, what is -527278 - -5?
-527273
In base 7, what is -2520 + -303?
-3123
In base 11, what is 2 + -10015?
-10013
In base 11, what is -12a6466 + -5?
-12a6470
In base 12, what is 2812023 - -3?
2812026
In base 4, what is 220022002 - 3?
220021333
In base 3, what is 20220 - 21021?
-101
In base 9, what is 0 + 3266?
3266
In base 13, what is 0 - 544050?
-544050
In base 12, what is -1075 - 3b2?
-1467
In base 15, what is 114c - -4b?
1198
In base 8, what is -34734 - 21?
-34755
In base 10, what is -146 + 51?
-95
In base 8, what is 15 - -35762?
35777
In base 12, what is -22 + -21b?
-241
In base 2, what is 1010011101000000 - 11?
1010011100111101
In base 2, what is -1 - 10011001000?
-10011001001
In base 7, what is 66 + -42332?
-42233
In base 7, what is -53 - -654?
601
In base 15, what is -35a54 + -5?
-35a59
In base 2, what is -1101011 - 100101010111?
-100111000010
In base 6, what is 14 - -1305225?
1305243
In base 12, what is 63 - -2095?
2138
In base 15, what is e6 - 147?
-51
In base 2, what is 11101 - 1011001111110?
-1011001100001
In base 3, what is -200112022 + 1012?
-200111010
In base 14, what is 1b8c46 + -5?
1b8c41
In base 2, what is 10 + 110001111101111011?
110001111101111101
In base 8, what is -5 + -26410?
-26415
In base 7, what is -3 - -3305315?
3305312
In base 15, what is -4 + 14c87?
14c83
In base 16, what is 3 - -27b02?
27b05
In base 12, what is 9 - 2113?
-2106
In base 13, what is 495 + 277?
73c
In base 7, what is 43266 + -3?
43263
In base 5, what is -1003131 - 20?
-1003201
In base 15, what is 4 - -1b0a?
1b0e
In base 4, what is 31 - 10223113?
-10223022
In base 9, what is 0 + 51080?
51080
In base 14, what is -58da + -17?
-5913
In base 15, what is cb - -dd?
1b9
In base 15, what is -3c7e - 2?
-3c81
In base 5, what is -402 + 20102?
14200
In base 7, what is -255 - 2442?
-3030
In base 5, what is -10132433 + -1?
-10132434
In base 4, what is -103030 + 102110?
-320
In base 12, what is -77b00 - 0?
-77b00
In base 6, what is 344432 - 43?
344345
In base 8, what is 70206 + -7?
70177
In base 5, what is -142 + -112234?
-112431
In base 12, what is -3 + -92b0?
-92b3
In base 5, what is -12 - -121111?
121044
In base 3, what is 222122 + 112?
1000011
In base 7, what is 10021015 + 4?
10021022
In base 14, what is 1445 - 59?
13ca
In base 11, what is -12a - -17?
-113
In base 8, what is 254 - 6?
246
In base 3, what is 1012000100 - 121?
1011222202
In base 16, what is -aa7d5 - 2?
-aa7d7
In base 11, what is -272 - 650?
-912
In base 8, what is -10 + 730723?
730713
In base 5, what is 441 - -1130103?
1131044
In base 6, what is -41 - 1024002?
-1024043
In base 2, what is 1010000010001 + 1000011?
1010001010100
In base 6, what is 114 - 3103?
-2545
In base 9, what is -5478363 + -3?
-5478366
In base 11, what is 1a9 - -1347?
1545
In base 8, what is -433421 + -3?
-433424
In base 7, what is -335 + -10116?
-10454
In base 8, what is -2375240 + 1?
-2375237
In base 13, what is -84a - b28?
-1675
In base 12, what is -3 + -51296?
-51299
In base 9, what is 283 + -1076?
-683
In base 13, what is 39c11 + -5?
39c09
In base 6, what is -2 - 225414?
-225420
In base 14, what is -299 - -5c?
-23b
In base 8, what is -62 - 26557?
-26641
In base 12, what is 32263 + 4?
32267
In base 7, what is 11302 - 0?
11302
In base 10, what is -2533 + -5?
-2538
In base 8, what is 3564 + -1063?
2501
In base 11, what is 19 - -13767?
13785
In base 7, what is -14 + 1306425?
1306411
In base 8, what is 640 - 74?
544
In base 10, what is 41 - 2721?
-2680
In base 11, what is -64149 - 16?
-64164
In base 5, what is -1012030 - 122?
-1012202
In base 12, what is 4 + 79885?
79889
In base 3, what is 11 + -120120122?
-120120111
In base 12, what is 111 + 94?
1a5
In base 10, what is -1501 + -157?
-1658
In base 8, what is -2 + -1344637?
-1344641
In base 2, what is -1 + 100001000011001?
100001000011000
In base 3, what is 12 + -20220222021?
-20220222002
In base 2, what is -11100011 + -10000111?
-101101010
In base 12, what is 4608 - -35?
4641
In base 2, what is -10100000011110010010011 - -1?
-10100000011110010010010
In base 6, what is 1020 - -1035?
2055
In base 7, what is -503 - 3462?
-4265
In base 9, what is -4 + 1550?
1545
In base 16, what is 8 + 1c25?
1c2d
In base 13, what is -1 + 2c8024?
2c8023
In base 11, what is 70 + -2367?
-22a7
In base 9, what is 504 - 824?
-320
In base 4, what is 2031210 + 3230?
2101100
In base 14, what is -90b - d2?
-9dd
In base 7, what is -1266464 + 3?
-1266461
In base 8, what is 6 + -260305?
-260277
In base 7, what is -131 - 20?
-151
In base 2, what is -10 - 100100101100010000?
-100100101100010010
In base 14, what is 1217 - 7a9?
84c
In base 11, what is 4 + -12912?
-12909
In base 14, what is 16162 + -a?
16156
In base 8, what is 376774 + 2?
376776
In base 11, what is -2 - -192a5?
192a3
In base 2, what is -111001011001010 - -11?
-111001011000111
In base 13, what is 4 + b175?
b179
In base 9, what is 82587 - -2?
82600
In base 7, what is 164 - 153?
11
In base 5, what is 2002221 + 140?
2002411
In base 13, what is c - -32a50?
32a5c
In base 7, what is 0 + 3165113?
3165113
In base 3, what is 2 + 10000021022122?
10000021022201
In base 14, what is -30340a + 4?
-303406
In base 13, what is 227 - -21b?
445
In base 14, what is 7689 + 2?
768b
In base 9, what is 2 - 134328?
-134326
In base 16, what is 4446 + 1?
4447
In base 5, what is 12 - 232003?
-231441
In base 10, what is -229009 - -4?
-229005
In base 6, what is 115 + -53?
22
In base 5, what is -4303414 + 3?
-4303411
In base 10, what is -3 + 22589?
22586
In base 2, what is -100